*u**2 + 3*u - 2. Let o be d(1). Suppose -o*m + 28475 = -7685. Suppose -25 = -5*v, 5*v = -4*b - m + 18629. Is b prime?
False
Suppose t - 5*p = 283292, -1133093 = -4*t - 12*p + 17*p. Is t composite?
False
Suppose 16*d = 1166 - 206. Is 8/(-10) + 1095828/d a prime number?
False
Suppose -4023 + 405405 = 27*g. Is g composite?
True
Let y(b) = 13*b**2 - 18*b - 29. Let g be y(20). Let s = g - -1968. Is s a prime number?
True
Suppose 2*p - 4*l - 5732 = 0, -3*p + 28*l + 8568 = 32*l. Is (-8 - (9 - p))/1 a composite number?
False
Let g = 340851 + -237316. Is g composite?
True
Suppose c = q + 10, q - 5*c + 30 = -0*q. Let a = 10 + q. Suppose -a*n + 3*m + 5600 = 0, -m = 3*n - 8*n + 5590. Is n a prime number?
True
Suppose -100*q = -108*q + 112. Suppose 0 = -q*x + 24*x - 42670. Is x a prime number?
False
Let x = -11 + 12. Let n(d) = 7*d + x - 8 + 47*d + 2. Is n(3) a composite number?
False
Suppose b + 3 = 0, 2*b - 11593 = -5*h + 4806. Suppose 0 = -3*z - 5*o - 1304, z - 4*o = 4*z + 1306. Let q = z + h. Is q a prime number?
True
Let v = 373 + -4067. Is v*((-4)/(-10))/(24/(-30)) composite?
False
Let n(u) = 11*u**2 - 8*u - 2. Suppose -v = 3*d + 10, -5 = -4*d - 1. Is n(v) a prime number?
False
Suppose -511827 + 12386 = -31*a. Is a a composite number?
False
Suppose 3*x - 78 = 2*d, -2*x + 0*x + 2*d + 50 = 0. Let n(t) = 16*t + x*t**2 - 25*t**2 + 12 + 6. Is n(-13) prime?
True
Let y(f) = 2149*f**2 - f - 1. Let x(d) = 17 + 34 - 12 + 4*d. Let u be x(-10). Is y(u) prime?
False
Let i = 177286 - -268171. Is i prime?
False
Suppose 7*l + 5*k + 695800 = 11171701, 0 = 4*l + 4*k - 5986220. Is l a prime number?
True
Let i = 8 - 7. Let f be ((-5)/(-7) - i)/((-11)/308). Suppose -5435 = -f*n + 30941. Is n a composite number?
False
Suppose 26*n - 793435 - 334731 = 0. Is n a composite number?
False
Suppose -44*u + 4851 = -41*u. Suppose -u + 14642 = 5*r. Is r a composite number?
True
Let v = -2 + -2. Suppose -5*u = -5*g - 30, 7 = u + 4. Is -639*(1 - v/g) a prime number?
False
Let p = 930 + -927. Suppose -4*d = j - 59614, p*d - 14*j + 11*j = 44703. Is d prime?
False
Let l(a) = -10613*a + 11448. Is l(-65) prime?
False
Suppose -4*m + 3*b + 96407 = 0, 0 = 2*m + 10*b - b - 48151. Is m prime?
False
Let j = -45 - -40. Let g(y) = -22*y**2 - 7*y + 2. Let u be g(j). Let p = -122 - u. Is p prime?
False
Suppose 28563262 = 126*v + 2039884. Is v prime?
False
Is (-33)/(-44)*-4*(-188132)/12 a composite number?
True
Let o = 277 + -283. Let m(b) = -8*b + 61. Is m(o) a composite number?
False
Suppose -10*p = 119*p - 24563535. Is p composite?
True
Let h(j) = -j**3 - 49*j**2 - 37*j - 396. Is h(-49) a composite number?
True
Suppose 0*d - 3*d = -3*y - 1026, 0 = y + 2. Suppose 7*a - 4*a - 700 = -2*j, 4*a = -j + d. Suppose -4*t + 629 + 83 = -f, 4*f + j = 2*t. Is t composite?
True
Suppose -6632 = -3*p + 9742. Let h = -2537 + p. Is h a composite number?
True
Suppose -9*z + 159916 + 50729 = 0. Suppose -z = -3*r - 3*l + 5*l, 4*r = l + 31205. Is r a composite number?
True
Let g(w) = w**2 - w + 5. Let t = 23 + -19. Suppose -m - 8 = t*c, m = 2*c - 8 - 6. Is g(m) prime?
False
Let a(d) = -d**3 - 4*d**2 - d + 4. Let y be a(-4). Suppose -12*j = -14*j + y. Is ((-14)/21)/(j*3/(-8838)) a composite number?
False
Suppose -168742 = -4*z + 2*x + 58684, 5*z + 3*x - 284288 = 0. Is z a composite number?
False
Suppose 5*l = 2*l + 6. Suppose 6 - 2 = l*n. Is 1000 + (8/n - 1) prime?
False
Suppose -4*a + 7*a = 15. Suppose 0 = a*h - 4*h - 4327. Is h prime?
True
Let a = -6323 - 1857. Let t = -5459 - a. Suppose 2*x - 1867 = -3*z, -3*z + x = -t + 851. Is z prime?
False
Let w be (-63)/(-7)*(-1 - -2). Suppose -w*z - 8 = -11*z. Suppose -3*q = -z*q + 419. Is q prime?
True
Let g(z) be the third derivative of 0*z + 0 - 3*z**2 + 5/24*z**4 + 887/6*z**3. Is g(0) composite?
False
Let q = -145 - -147. Suppose 2*d + 3*a = 739 + 120, 0 = -4*d - q*a + 1698. Is d a composite number?
True
Suppose 174 = 2*r - 8. Suppose -34*x + 41*x - 21 = 0. Suppose -x*d - r = -h + 78, -d = 4*h - 624. Is h a composite number?
False
Let q = -233 + 229. Is (-2)/q + 7/((-14)/(-2517)) composite?
False
Is ((-4 - (0 - 5)) + 1)/((-58)/(-32228657)) composite?
False
Let q(k) = -1787*k**3 + 4*k**2 + 44*k + 195. Is q(-4) prime?
True
Is 14989556/35 - 136/4760 prime?
True
Let b(y) = 5452*y**2 - 57*y - 23. Is b(6) a prime number?
True
Let l = -120 - -150. Suppose 0 = -33*r + l*r - 6. Is -359*(-4 - (-3 + 0/r)) a prime number?
True
Let j = 47350 - 25209. Is j composite?
True
Suppose 3*z - 5*n - 1 = 0, 4*z - 3*n + 17 = -0*z. Let o(h) = -h**2 - 5*h + 35. Let a be o(z). Suppose 8569 + 75900 = a*f. Is f a prime number?
False
Let z(s) = -s**3 - 21*s**2 - 2*s - 37. Let n be z(-21). Suppose -n*l - 7356 = -3*c, 4*l = -2*c + 3547 + 1335. Is c a prime number?
True
Suppose 24*n - 1403357 = -1004270 + 2085369. Is n composite?
True
Is (8 + 9114)/((-21)/(-12) + 20/80) a composite number?
False
Suppose 2*r + 72 = 3*u - 18, 0 = 2*u - 5*r - 60. Suppose -8394 = 24*j - u*j. Is j prime?
True
Suppose 93571 + 66651 = 3*c - 5*a, 160212 = 3*c - 3*a. Is c composite?
True
Suppose -g = 5*d - 917, -8*d + 374 = -6*d - 2*g. Suppose -d*s = -169*s - 85605. Is s a composite number?
True
Suppose 0 = -f - 3 + 5. Suppose 0*s - 20 = -2*s + f*r, 5 = -4*s - 5*r. Suppose -541 = -s*k + 4*k. Is k a prime number?
True
Let w(m) = -m**3 + 7*m**2 - 6*m - 6. Let p be w(5). Let q(n) = 11 + 6*n**2 + 624*n - 1257*n + 619*n. Is q(p) a prime number?
True
Let p(l) = 5045*l - 12. Suppose -8*w + 9 = 1. Is p(w) composite?
True
Let n(l) = -18*l - 8*l - 14*l + 40. Let c be n(-17). Suppose 0 = 4*b + 4*g + 156 - c, 145 = b + 3*g. Is b a composite number?
False
Suppose 2*g + 4*v = 2, 0*g = 5*g + 2*v - 29. Suppose -4*w = -g - 5, 658 = x - 3*w. Is x composite?
True
Let d = 79415 - 16174. Is d a composite number?
False
Suppose 20*n = 25*n - 4450. Is -6 + 3 + 2 + n + -2 a prime number?
True
Let u(x) be the third derivative of 3*x**6/40 - x**5/20 + x**4/24 + x**3 - 10*x**2 + x. Is u(5) a prime number?
True
Suppose -55*g - 31*g + 2873174 = 0. Is g composite?
False
Suppose 20*b + 458640 = 5*n + 21*b, 0 = 2*n - b - 183449. Is n composite?
True
Let q(p) = 8*p**3 + 4*p**2 - 3*p. Suppose 3*n = 2*o - 17, -n + 6 = -2*o + 13. Let f be q(o). Let i(m) = 7*m**2 - 22*m + 12. Is i(f) composite?
True
Let y(c) = 56*c + 13. Let w(d) = d**3 - 8*d**2 - d + 4. Let a be w(8). Let b be y(a). Let o = 52 - b. Is o composite?
False
Let a(c) = -377*c + 2. Let z be a(-1). Suppose -u - 5*r = -114, -3*u + u + 3*r = -267. Suppose -y = -d + u, -3*d - 3*y + 2*y = -z. Is d a prime number?
True
Let m = 745 - -575. Let q = 631 + m. Let u = q - -1990. Is u a prime number?
False
Let k(x) = -3365*x**2 + 7*x + 5. Let f be k(-1). Let q = f + 6800. Is q a prime number?
True
Let f(t) = 2*t + 41. Let v be f(-18). Suppose 0 = 3*c + v*r - 916, -1232 = -6*c + 2*c + 4*r. Is c prime?
True
Suppose 234570 = 83*u - 73*u. Let l = -1268 + u. Is l a composite number?
False
Suppose -3*u = -2*f - 116788 - 78215, 130000 = 2*u - f. Is u prime?
True
Let g(k) = -k + 14. Let d be g(15). Is 84/14 - (-1858 + d) composite?
True
Suppose -45*a - 54736 = -49*a. Suppose 0 = 2*o + 5 - 1, 0 = 4*d - 4*o - a. Is d prime?
False
Suppose 5*y + b - 691357 = 0, 4*y - 83*b = -88*b + 553052. Is y composite?
True
Let p(l) = 75154*l**2 + 71*l - 139. Is p(2) a composite number?
True
Let b = -84533 - -132948. Let a = b - 33638. Is a a prime number?
False
Suppose -18*a = 598137 - 1873743. Is a a composite number?
False
Let p = -98 - -102. Suppose 6*c - c = p*w + 37370, 0 = -c - 2*w + 7460. Suppose 3*i + r = c, 5*i - 18749 = -3*r - 6303. Is i a composite number?
True
Let i(g) be the first derivative of 4/3*g**3 + 23/2*g**2 - 28 + 36*g. Is i(-19) prime?
False
Suppose -2*b = -2*t + 1857676, -928847 = -t + 2*b + 2*b. Is t prime?
False
Let w(p) = 9*p**2 + 22*p + 202. Is w(31) composite?
False
Is (13977636/(-18))/((-98)/147) prime?
True
Let n(w) = 830*w + 8. Let m be (-5)/(-1 - 0) - (4 + -1). Let a be n(m). Let k = a - 1169. Is k composite?
False
Let z = 21700 - 12801. Is z composite?
True
Let v(j) = 2*j**2 - 3*j + 8. Let b be v(2). Let s be (-1)/((0 - -2)*(-1)/b). Suppose 25 = s*y, -u + 4654 = u + 4*y. Is u a prime number?
False
Suppose -5*n = -68*m + 63*m + 2812705, 4*n - 1687623 = -3*m. Is m composite?
True
Let g(v) = -v**3 - 2*v**2 -